{"id":13,"date":"2022-05-13T14:04:33","date_gmt":"2022-05-13T14:04:33","guid":{"rendered":"https:\/\/ggs-koeln.de\/?page_id=13"},"modified":"2022-05-13T14:49:54","modified_gmt":"2022-05-13T14:49:54","slug":"start","status":"publish","type":"page","link":"https:\/\/ggs-koeln.de\/","title":{"rendered":"START"},"content":{"rendered":"<div class='flex_column av-1ke3p-4f8ad3baea59973296b625cbab678eec av_one_full  avia-builder-el-0  avia-builder-el-no-sibling  first flex_column_div '   ><section  class='av_textblock_section av-l34iec39-f653e321d75f906ca0c23f13880649d0'  itemscope=\"itemscope\" itemtype=\"https:\/\/schema.org\/CreativeWork\" ><div class='avia_textblock'  itemprop=\"text\" ><div>\n<h1><b>GGS\u00a0<\/b>GEB\u00c4UDE<b>MANAGEMENT<\/b><\/h1>\n<div><\/div>\n<h4>Unser Familienunternehmen ist seit Jahren der<br \/>\nkompetente Dienst- und Leistungspartner in Fragen<br \/>\nGEB\u00c4UDE<span class=\"bold\"><b>MANAGEMENT<\/b><\/span>.<\/h4>\n<\/div>\n<p>Das ausgesuchte Mitarbeiterteam zeigt seine St\u00e4rken in Zuverl\u00e4ssigkeit, Fachkompetenz und Flexibilit\u00e4t. Unsere Managementangebote in den Bereichen Geb\u00e4ude-, Reinigungs-, Dienstleistungs-, Event- und Sicherheitsservice koordinieren Ihre W\u00fcnsche zu ma\u00dfgeschneiderten Konzepten. Die unterschiedlichsten Dienste bis hin zu speziellen Serviceleistungen stellen wir Ihnen gerne rund um die Uhr zur Verf\u00fcgung.<\/p>\n<div>\n<h4>Unsere Kunden wissen unser Angebot aus einer Hand zu sch\u00e4tzen &#8211; vertrauen auch Sie auf unsere Arbeit!<\/h4>\n<\/div>\n<\/div><\/section><br \/>\n<div  class='hr av-10re1-f9914970f69aa907a0ac29bb48a567df hr-default  avia-builder-el-2  el_after_av_textblock  el_before_av_textblock '><span class='hr-inner '><span class=\"hr-inner-style\"><\/span><\/span><\/div><br \/>\n<section  class='av_textblock_section av-l34igfx0-20fe3b45311bb79623e10634b4bb2812'  itemscope=\"itemscope\" itemtype=\"https:\/\/schema.org\/CreativeWork\" ><div class='avia_textblock'  itemprop=\"text\" ><h2>Wir bauen gerade unsere Website um. Bitte Kontaktieren Sie uns unter:<\/h2>\n<div>\n<p><span class=\"telefonbezeichner\">Tel:<\/span><span class=\"telefonwert\">0<\/span><span class=\"numberspacing\">\u00a0<\/span><span class=\"telefonwert\">22<\/span><span class=\"numberspacing\">\u00a0<\/span><span class=\"telefonwert\">1\u00a09<\/span><span class=\"numberspacing\">\u00a0<\/span><span class=\"telefonwert\">52<\/span><span class=\"numberspacing\">\u00a0<\/span><span class=\"telefonwert\">38<\/span><span class=\"numberspacing\">\u00a0<\/span><span class=\"telefonwert\">17 |\u00a0<\/span><span class=\"telefonbezeichner\">Fax:<\/span><span class=\"telefonwert\">0<\/span><span class=\"numberspacing\">\u00a0<\/span><span class=\"telefonwert\">22<\/span><span class=\"numberspacing\">\u00a0<\/span><span class=\"telefonwert\">1\u00a09<\/span><span class=\"numberspacing\">\u00a0<\/span><span class=\"telefonwert\">52<\/span><span class=\"numberspacing\">\u00a0<\/span><span class=\"telefonwert\">38<\/span><span class=\"numberspacing\">\u00a0<\/span><span class=\"telefonwert\">18 |\u00a0<\/span><span class=\"telefonbezeichner\">E-Mail:<\/span><a href=\"mailto:Info@GGS-Koeln.de\">Info(at) GGS-Koeln.de<\/a><\/p>\n<\/div>\n<\/div><\/section><\/p><\/div>\n","protected":false},"excerpt":{"rendered":"","protected":false},"author":1,"featured_media":0,"parent":0,"menu_order":0,"comment_status":"closed","ping_status":"closed","template":"","meta":{"footnotes":""},"class_list":["post-13","page","type-page","status-publish","hentry"],"_links":{"self":[{"href":"https:\/\/ggs-koeln.de\/index.php\/wp-json\/wp\/v2\/pages\/13","targetHints":{"allow":["GET"]}}],"collection":[{"href":"https:\/\/ggs-koeln.de\/index.php\/wp-json\/wp\/v2\/pages"}],"about":[{"href":"https:\/\/ggs-koeln.de\/index.php\/wp-json\/wp\/v2\/types\/page"}],"author":[{"embeddable":true,"href":"https:\/\/ggs-koeln.de\/index.php\/wp-json\/wp\/v2\/users\/1"}],"replies":[{"embeddable":true,"href":"https:\/\/ggs-koeln.de\/index.php\/wp-json\/wp\/v2\/comments?post=13"}],"version-history":[{"count":5,"href":"https:\/\/ggs-koeln.de\/index.php\/wp-json\/wp\/v2\/pages\/13\/revisions"}],"predecessor-version":[{"id":46,"href":"https:\/\/ggs-koeln.de\/index.php\/wp-json\/wp\/v2\/pages\/13\/revisions\/46"}],"wp:attachment":[{"href":"https:\/\/ggs-koeln.de\/index.php\/wp-json\/wp\/v2\/media?parent=13"}],"curies":[{"name":"wp","href":"https:\/\/api.w.org\/{rel}","templated":true}]}}